lse
Does 185 divide 372221322?
False
Is 4943799 even?
False
Is 46562054 a multiple of 1838?
True
Is 90 a factor of 886894824?
False
Does 1070 divide 9564293?
False
Does 272 divide 4554368?
True
Is 24 a factor of 5824456?
False
Is 791 a factor of 186440282?
True
Is 826899842 a multiple of 994?
False
Is 212229126 a multiple of 297?
False
Is 15 a factor of 1484386311?
False
Does 257 divide 48455721?
False
Does 1122 divide 54528078?
True
Does 24 divide 107562496?
False
Is 1322714932 a multiple of 687?
False
Is 684 a factor of 695825848?
False
Is 16 a factor of 931582567?
False
Is 77685963 a multiple of 163?
True
Is 55381924 a multiple of 13?
True
Does 19 divide 58489201?
True
Is 8 a factor of 12033563?
False
Does 38 divide 2905632?
True
Does 1304 divide 142954912?
True
Is 1720 a factor of 148134627?
False
Does 42 divide 72254331?
False
Is 16 a factor of 1114013176?
False
Does 120 divide 1390561600?
False
Is 321301960 a multiple of 70?
True
Is 372578213 a multiple of 44?
False
Does 1250 divide 574512500?
True
Is 72383201 a multiple of 59?
False
Is 28 a factor of 2370026288?
True
Is 1218 a factor of 18605805?
False
Does 95 divide 350695825?
True
Is 14 a factor of 30130716?
True
Is 104554100 a multiple of 20?
True
Is 20334566 a multiple of 97?
False
Is 8 a factor of 70766488?
True
Is 32199478 a multiple of 564?
False
Is 144 a factor of 115169760?
True
Is 91 a factor of 42960514?
False
Is 13610279 a multiple of 61?
False
Does 1018 divide 20578870?
True
Is 640122999 a multiple of 3412?
False
Does 7326 divide 1698034932?
True
Is 48075664 a multiple of 33?
False
Does 3234 divide 115766637?
False
Is 154376139 a multiple of 34?
False
Is 7591 a factor of 1853338329?
False
Does 4691 divide 31879773?
False
Is 3667773 even?
False
Is 2439261 a multiple of 387?
True
Is 226 a factor of 17742582?
True
Is 218 a factor of 179089962?
False
Does 19 divide 123818255?
False
Is 11494890 a multiple of 1483?
False
Does 86 divide 49563530?
False
Does 14 divide 12143068?
True
Is 115 a factor of 6914168172?
False
Does 6 divide 16954548?
True
Does 52 divide 2367756144?
True
Is 33 a factor of 5069166300?
True
Does 34 divide 563140072?
False
Is 8 a factor of 122783?
False
Is 293 a factor of 14442806?
False
Does 9876 divide 530884706?
False
Is 430 a factor of 2838492724?
False
Is 755860900 a multiple of 100?
True
Does 1260 divide 113741460?
True
Does 406 divide 644551390?
True
Does 3205 divide 191511570?
True
Is 7751 a factor of 97445572?
True
Does 13 divide 129678630?
False
Is 431 a factor of 136865904?
False
Is 11563579 a multiple of 5?
False
Is 18 a factor of 41723262?
True
Is 421 a factor of 479462330?
False
Does 508 divide 859944940?
True
Is 7 a factor of 154318328?
False
Is 149729684 a multiple of 1761?
False
Is 137 a factor of 48212541?
False
Does 4 divide 61276312?
True
Does 642 divide 805487699?
False
Is 59091440 a multiple of 80?
True
Is 359185050 a multiple of 25?
True
Does 542 divide 51643264?
False
Does 582 divide 615212051?
False
Is 13 a factor of 21231847?
True
Is 5747460 a multiple of 17?
False
Is 9 a factor of 584586675?
True
Is 2485517872 a multiple of 10?
False
Is 272 a factor of 10230192?
True
Does 304 divide 345971951?
False
Does 50 divide 12772307?
False
Is 25 a factor of 848732402?
False
Is 17 a factor of 709336771?
False
Is 29755312 a multiple of 34?
False
Does 274 divide 204208461?
False
Is 796 a factor of 25974276?
True
Is 28866228 a multiple of 6?
True
Does 56 divide 17585512?
True
Is 50143727 a multiple of 18?
False
Does 57 divide 6808479?
True
Is 1329 a factor of 593885019?
False
Does 18 divide 107455393?
False
Is 163 a factor of 229180119?
True
Does 83 divide 230925090?
True
Is 2314 a factor of 11528348?
True
Is 29218607 a multiple of 87?
False
Is 25 a factor of 594283459?
False
Is 34 a factor of 652086?
True
Does 20 divide 27709353?
False
Does 10480 divide 76418893?
False
Is 4917 a factor of 63498387?
False
Is 151 a factor of 74648851?
False
Is 949 a factor of 383560602?
False
Does 43 divide 77798567?
True
Does 1094 divide 476447940?
True
Is 696224621 a multiple of 23?
False
Is 3330 a factor of 4366112?
False
Is 323991011 a multiple of 29?
False
Is 17 a factor of 2699302575?
False
Is 23 a factor of 58131097?
True
Is 47430941 a multiple of 27?
False
Does 4322 divide 193612499?
False
Is 2752 a factor of 56116032?
True
Is 15049184 a multiple of 2?
True
Is 64985232 a multiple of 48?
True
Does 2889 divide 626209634?
False
Is 1552 a factor of 9023289?
False
Is 334250714 a multiple of 14?
True
Is 42091739 a multiple of 504?
False
Is 3547872 a multiple of 873?
True
Does 5 divide 71701597?
False
Is 5210405 a multiple of 20?
False
Is 666 a factor of 41864094?
True
Is 370338870 a multiple of 1770?
True
Is 2 a factor of 32454455?
False
Does 12 divide 783539478?
False
Is 3459 a factor of 175147432?
False
Is 3217442813 a multiple of 32?
False
Is 13740638 a multiple of 2302?
True
Is 7228 a factor of 4179079878?
False
Is 21874512 a multiple of 16?
True
Is 3636014880 a multiple of 2172?
True
Is 1155 a factor of 55616623?
False
Is 85337945 a multiple of 22?
False
Is 75737040 a multiple of 10?
True
Does 14 divide 115734226?
False
Is 3 a factor of 39346549?
False
Is 11999184 a multiple of 223?
True
Is 78670440 a multiple of 19?
False
Is 343 a factor of 183732640?
False
Does 46 divide 522380853?
False
Does 137 divide 9223114?
True
Is 52074798 a multiple of 894?
False
Does 81 divide 35287650?
True
Is 559 a factor of 115619088?
True
Is 3236 a factor of 72719392?
True
Is 3419375 a multiple of 46?
False
Is 92 a factor of 60084464?
True
Does 2205 divide 3155425560?
True
Is 33954300 a multiple of 36?
True
Is 435 a factor of 219908691?
False
Does 14 divide 103236072?
False
Does 188 divide 8490730?
False
Is 56267798 a multiple of 393?
False
Is 5766554793 a multiple of 87?
True
Is 18 a factor of 52039255?
False
Does 9 divide 790636713?
False
Is 2 a factor of 92293546?
True
Is 53217302 a multiple of 402?
False
Does 28 divide 10445437?
False
Is 478 a factor of 242888052?
True
Is 1399 a factor of 203901256?
False
Is 6 a factor of 54543828?
True
Is 345474528 a multiple of 82?
True
Is 1905730848 a multiple of 683?
False
Is 41134890 a multiple of 318?
True
Does 726 divide 66818291?
False
Does 5114 divide 161350533?
False
Does 405 divide 6147953?
False
Does 1869 divide 157222783?
False
Is 215 a factor of 665830705?
True
Is 44 a factor of 247995836?
True
Does 1393 divide 1848997157?
True
Is 1203927053 a multiple of 1083?
False
Is 8 a factor of 63055240?
True
Does 5 divide 24655816?
False
Is 433 a factor of 195405106?
True
Is 1425562246 a multiple of 8?
False
Is 6 a factor of 65438532?
True
Is 30 a factor of 347014140?
True
Is 897 a factor of 184165761?
True
Is 10 a factor of 797206260?
True
Is 114914352 a multiple of 2586?
False
Is 199799086 a multiple of 174?
False
Is 115 a factor of 69060805?
False
Does 171 divide 10728882?
True
Is 2 a factor of 15502867?
False
Is 1042196948 a multiple of 6450?
False
Is 10078068 a multiple of 429?
True
Is 147 a factor of 7379400?
True
Is 652 a factor of 368827924?
True
Does 91 divide 757126006?
True
Is 840703147 a multiple of 3947?
False
Is 12 a factor of 192057576?
True
Does 28 divide 1539287945?
False
Does 408 divide 3007871?
False
Is 240469515 a multiple of 2145?
True
Is 21 a factor of 1665157249?
False
Is 2 a factor of 31596209?
False
Is 2133 a factor of 201595072?
False
Is 22133128 a multiple of 20?
False
Does 64 divide 9371584?
True
Is 184 a factor of 40710957?
False
Is 45012790 a multiple of 136?
False
Is 28197897 a multiple of 29?
False
Is 4287185 a multiple of 83?
False
Does 3780 divide 3497231163?
False
Is 11 a factor of 404868203?
False
Is 902 a factor of 295127184?
True
Does 20 divide 1472780?
True
Is 8133491 a multiple of 2?
False
Is 71 a factor of 149362558?
True
Is 1019496 a multiple of 24?
True
Is 22492204 a multiple of 2174?
True
Is 319751614 a multiple of 1312?
False
Is 2 a factor of 151768?
True
Is 8624869 a multiple of 260?
False
Is 1203914838 a multiple of 21?
True
Is 3 a factor of 10092894?
True
Is 59722515 a multiple of 3585?
True
Is 2361699797 a multiple of 5010?
False
Does 1760 divide 20862232?
False
Is 118 a factor of 191655010?
True
Is 2576971779 a multiple of 1169?
False
Is 24 a factor of 41189355?
False
Is 927316045 a